{"id":4423,"date":"2014-09-04T15:10:34","date_gmt":"2014-09-04T15:10:34","guid":{"rendered":"http:\/\/www.prosomni.com\/?page_id=4423"},"modified":"2014-09-16T12:42:10","modified_gmt":"2014-09-16T12:42:10","slug":"oficina-tecnica","status":"publish","type":"page","link":"https:\/\/www.prosomni.com\/?page_id=4423","title":{"rendered":"Oficina t\u00e9cnica"},"content":{"rendered":"<h4 class=\"lq_h4b\">Oficina t\u00e9cnica<\/h4>\r\n<p>Entre nuestro personal contamos con t\u00e9cnicos altamente cualificados para realizar cualquier tipo de gesti\u00f3n ,asesoramiento y control de obras.<\/p>\r\n<div class=\"spacer\" style=\"height:5px\"><\/div>\r\n<div class=\"divider\" style=\"border-color:#c9c9c9;\"><\/div>\r\n<div class=\"spacer\" style=\"height:5px\"><\/div>\r\n\r\n<h4 class=\"lq_h4b\">Servicios de oficina t\u00e9cnica ofrecidos<\/h4>\r\n<p>Prosomni le ofrece todo tipo de reformas:<\/p>\r\n<ul>\r\n                                                        <li>Legalizaciones ante organismos p\u00fablicos de todo tipo de instalaciones\r\n   y actividades.\r\n<\/li>\r\n<li>Proyectos<\/li>\r\n<li>Mediciones y presupuestos<\/li>\r\n <li>Estudios t\u00e9cnicos<\/li>\r\n<li>Peritaciones y tasaciones<\/li>\r\n<li>C\u00e9dulas de habitabilidad<\/li>\r\n<li>Coordinaci\u00f3n  de seguridad<\/li>\r\n<li>Control y direcci\u00f3n de obra.<\/li>\r\n<li>Estudios, planes de seguridad y salud<\/li>\r\n<li>Refuerzos estructurales<\/li>\r\n                                          <\/ul>","protected":false},"excerpt":{"rendered":"<p>Oficina t\u00e9cnica Entre nuestro personal contamos con t\u00e9cnicos altamente cualificados para realizar cualquier tipo de gesti\u00f3n ,asesoramiento y control de obras. Servicios de oficina t\u00e9cnica ofrecidos Prosomni le ofrece todo tipo de reformas: Legalizaciones ante organismos p\u00fablicos de todo tipo de instalaciones y actividades. Proyectos Mediciones y presupuestos Estudios t\u00e9cnicos Peritaciones y tasaciones C\u00e9dulas de [&hellip;]<\/p>\n","protected":false},"author":1,"featured_media":0,"parent":0,"menu_order":0,"comment_status":"open","ping_status":"open","template":"page-left-sidebar.php","meta":{"footnotes":""},"class_list":["post-4423","page","type-page","status-publish","hentry"],"_links":{"self":[{"href":"https:\/\/www.prosomni.com\/index.php?rest_route=\/wp\/v2\/pages\/4423","targetHints":{"allow":["GET"]}}],"collection":[{"href":"https:\/\/www.prosomni.com\/index.php?rest_route=\/wp\/v2\/pages"}],"about":[{"href":"https:\/\/www.prosomni.com\/index.php?rest_route=\/wp\/v2\/types\/page"}],"author":[{"embeddable":true,"href":"https:\/\/www.prosomni.com\/index.php?rest_route=\/wp\/v2\/users\/1"}],"replies":[{"embeddable":true,"href":"https:\/\/www.prosomni.com\/index.php?rest_route=%2Fwp%2Fv2%2Fcomments&post=4423"}],"version-history":[{"count":2,"href":"https:\/\/www.prosomni.com\/index.php?rest_route=\/wp\/v2\/pages\/4423\/revisions"}],"predecessor-version":[{"id":4426,"href":"https:\/\/www.prosomni.com\/index.php?rest_route=\/wp\/v2\/pages\/4423\/revisions\/4426"}],"wp:attachment":[{"href":"https:\/\/www.prosomni.com\/index.php?rest_route=%2Fwp%2Fv2%2Fmedia&parent=4423"}],"curies":[{"name":"wp","href":"https:\/\/api.w.org\/{rel}","templated":true}]}}