{"id":3915,"date":"2014-07-16T04:05:33","date_gmt":"2014-07-16T04:05:33","guid":{"rendered":"http:\/\/www.prosomni.com\/?page_id=3915"},"modified":"2014-09-04T16:27:31","modified_gmt":"2014-09-04T16:27:31","slug":"aviso-legal","status":"publish","type":"page","link":"https:\/\/www.prosomni.com\/?page_id=3915","title":{"rendered":"Aviso legal"},"content":{"rendered":"<p>Para dar cumplimiento con lo establecido en la Ley 34\/ 2002, de 11 de Julio, de servicios de la sociedad de la informaci\u00f3n y de comercio electr\u00f3nico, a continuaci\u00f3n se indican los datos de informaci\u00f3n general de este sitio web:<\/p>\r\n<ul>\r\n<li>Titular: xxxx<\/li>\r\n<li>Direcci\u00f3n: xxxx<\/li>\r\n<li>xxxx<\/li>\r\n<li>Contacto: xxx<\/li>\r\n<li>Tel\u00e9fono: xxx<\/li>\r\n<li>Datos registrales: xxxx<\/li>\r\n<li>NIF: xxxx <\/li>\r\n<\/ul>\r\n<div class=\"spacer\" style=\"height:20px\"><\/div>\r\n<h1 class=\"h2_ditec_r\">1.- Objeto:<\/h1>\r\n<p>Estas condiciones generales (en adelante las \u00abCondiciones Generales\u00bb) regulan el uso de todos los servicios de este sitio web (en adelante \u00abel portal\u00bb) que el titular xxxx pone a disposici\u00f3n de los usuarios de Internet. Por la mera utilizaci\u00f3n del Portal el usuario expresa la plena aceptaci\u00f3n y sin reservas de las mismas, las cuales podr\u00e1n ser modificadas por el titular en cualquier momento. Los usuarios se ven asimismo, sometidos a todas aquellas condiciones particulares, avisos o reglamentos de instrucciones que se pongan en su conocimiento en relaci\u00f3n con contenidos o servicios concretos, que completen lo previsto en estas Condiciones Generales en cuanto no se opongan a ellas.\r\n<\/p>\r\n<div class=\"spacer\" style=\"height:20px\"><\/div>\r\n<h1 class=\"h2_ditec_r\">2.- Exclusi\u00f3n de responsabilidad por el funcionamiento del Portal y sus servicios:<\/h1>\r\n<p> xxxx no garantiza la disponibilidad y continuidad del funcionamiento del Portal, de sus servicios y sus contenidos; si fuera razonablemente posible, el titular avisar\u00e1 previamente de las interrupciones en el funcionamiento de los mismos. El titular no es responsable por los da\u00f1os o perjuicios de cualquier naturaleza que puedan deberse a la falta de disponibilidad o de continuidad del Portal o de cualquiera de sus servicios, o por los fallos en el acceso a las distintas p\u00e1ginas web del Portal o aquellas desde las que se prestan determinados servicios.<\/p>\r\n<div class=\"spacer\" style=\"height:20px\"><\/div>\r\n<h1 class=\"h2_ditec_r\">3.- Exclusi\u00f3n de responsabilidad sobre la informaci\u00f3n gr\u00e1fica disponible en el portal:<\/h1>\r\n<p>Toda la documentaci\u00f3n gr\u00e1fica incluida en esta p\u00e1gina Web  es meramente orientativa y est\u00e1 sometida a posibles cambios exigidos por la evoluci\u00f3n t\u00e9cnica de los proyectos y su ejecuci\u00f3n. EN NING\u00daN CASO ESTA INFORMACI\u00d3N CONSTITUYE DOCUMENTO CONTRACTUAL.<\/p>\r\n<div class=\"spacer\" style=\"height:20px\"><\/div>\r\n<h1 class=\"h2_ditec_r\">4.- Ley de consumidores:<\/h1>\r\n<p>La informaci\u00f3n de cada promoci\u00f3n con productos para su comercializaci\u00f3n, es orientativa y de car\u00e1cter general, estando sujeta a posibles cambios. (Suprimir: la ley 515\/89 solo afecta a empresas inmobiliarias Toda la informaci\u00f3n relativa al R. D. 515\/89 del 21 de Abril, se encuentra a disposici\u00f3n de los compradores en las oficinas de la empresa)<\/p>\r\n<div class=\"spacer\" style=\"height:20px\"><\/div>\r\n<h1 class=\"h2_ditec_r\">5.- Utilizaci\u00f3n del Portal y los servicios por los usuarios:<\/h1>\r\n<p>Salvo que haya obtenido previa y expresa autorizaci\u00f3n espec\u00edficamente otorgada al efecto por parte del titular, el usuario se abstendr\u00e1 de obtener o intentar obtener cualquier tipo de contenidos, ya sean textos, gr\u00e1ficos, dibujos, archivos de sonido, im\u00e1genes o fotograf\u00edas, videos, software y en general cualquier clase de material accesible a trav\u00e9s del Portal o los servicios, empleando para ello medios distintos de los que se hayan puesto a su disposici\u00f3n a este efecto o de los que se empleen habitualmente a este efecto en Internet.<\/p><div class=\"spacer\" style=\"height:20px\"><\/div>\r\n<h1 class=\"h2_ditec_r\">6.- Exclusi\u00f3n de responsabilidad de los contenidos:<\/h1>\r\n<p>El titular no es en ning\u00fan caso responsable, ni de forma directa ni subsidiaria, por ning\u00fan contenido, informaci\u00f3n, comunicaci\u00f3n, opini\u00f3n o manifestaci\u00f3n de cualquier tipo que tenga su origen en el usuario o cualquier persona o entidad y que se comunique, difunda, transmita o exhiba a trav\u00e9s de los servicios del Portal.<\/p>\r\n<div class=\"spacer\" style=\"height:20px\"><\/div>\r\n<h1 class=\"h2_ditec_r\">7.- Exclusi\u00f3n de responsabilidad por los contenidos y servicios alojados fuera del Portal:<\/h1>\r\n<p>El Portal pone a disposici\u00f3n de los usuarios dispositivos t\u00e9cnicos de enlaces, ya sean links, directorios o herramientas de b\u00fasqueda, los cuales permiten el acceso a p\u00e1ginas web o sites que son gestionados por terceros. xxxxxxx no ejerce ninguna titularidad sobre los mismos, y no comercializa ni ofrece los contenidos y servicios que contienen, por lo tanto no asume ninguna responsabilidad ni directa ni subsidiaria sobre dichas p\u00e1ginas web o sites.<\/p>\r\n<div class=\"spacer\" style=\"height:20px\"><\/div>\r\n<h1 class=\"h2_ditec_r\">8.- Propiedad Intelectual e Industrial:<\/h1>\r\n<p>Todos los contenidos as\u00ed como nombres, logos, marcas y bases de datos accesibles en las p\u00e1ginas web del Portal est\u00e1n sujetos a derechos de propiedad industrial e intelectual del titular o de terceros titulares de los mismos. En ning\u00fan caso el acceso a las p\u00e1ginas web del Portal implica ning\u00fan tipo de renuncia, transmisi\u00f3n o cesi\u00f3n total o parcial de los mencionados derechos, ni confiere ning\u00fan derecho de utilizaci\u00f3n, alteraci\u00f3n, explotaci\u00f3n, reproducci\u00f3n, distribuci\u00f3n o comunicaci\u00f3n p\u00fablica sobre los contenidos o bienes de propiedad industrial sin la previa y expresa autorizaci\u00f3n espec\u00edficamente otorgada a tal efecto por parte del titular o del tercero titular de los derechos, salvo los derechos de visualizar y de realizar copias para uso personal y exclusivo del usuario, los cuales deber\u00e1n ejercerse siempre conforme a los principios de la buena fe y la legislaci\u00f3n aplicable.<\/p>\r\n<div class=\"spacer\" style=\"height:20px\"><\/div>\r\n<h1 class=\"h2_ditec_r\">9.- Protecci\u00f3n de Datos:<\/h1>\r\n<p>Mediante el presente Aviso Legal y de acuerdo con lo establecido en la Ley Org\u00e1nica 15\/1999, de Protecci\u00f3n de Datos de Car\u00e1cter Personal, xxxx avisa a los usuarios de su pol\u00edtica de protecci\u00f3n de datos, para que estos determinen libre y voluntariamente si desean facilitar los datos personales que se le puedan requerir con ocasi\u00f3n de la suscripci\u00f3n o alta en algunos de los servicios ofrecidos. Salvo en los campos en que se indique lo contrario, las respuestas a las preguntas sobre datos personales son voluntarias. Los datos personales recogidos ser\u00e1n tratados de forma confidencial y su recogida tiene como finalidad la gesti\u00f3n y prestaci\u00f3n de los servicios ofrecidos por la empresa en el Portal en cada momento. El usuario acepta que los datos personales por \u00e9l facilitados puedan ser objeto de tratamiento en ficheros automatizados titularidad y responsabilidad de xxxx <br>\r\n\r\nEl usuario puede ejercer sus derechos de acceso, rectificaci\u00f3n, cancelaci\u00f3n y oposici\u00f3n en: xxxx <\/p>\r\n\r\n<div class=\"spacer\" style=\"height:20px\"><\/div>\r\n<h1 class=\"h2_ditec_r\">10.- Derecho de exclusi\u00f3n:<\/h1>\r\n<p> xxxx se reserva el derecho a denegar o retirar el acceso a su site y\/o los servicios ofrecidos, sin necesidad de preaviso, a instancia propia o de un tercero, a aquellos usuarios que incumplan las presentes Condiciones Generales de Uso.<\/p>\r\n<div class=\"spacer\" style=\"height:20px\"><\/div>\r\n<h1 class=\"h2_ditec_r\">11.- Ley Aplicable y Fuero:<\/h1>\r\n<p>Estas Condiciones Generales se rigen por la ley espa\u00f1ola. Para cualquier controversia que pudiera derivarse de la aplicaci\u00f3n de los servicios o interpretaci\u00f3n o aplicaci\u00f3n de las Condiciones Generales, la Empresa y el usuario, con renuncia expresa a su fuero propio se someten al de los Juzgados y Tribunales de Barcelona.<\/p>\r\n<\/div>","protected":false},"excerpt":{"rendered":"<p>Para dar cumplimiento con lo establecido en la Ley 34\/ 2002, de 11 de Julio, de servicios de la sociedad de la informaci\u00f3n y de comercio electr\u00f3nico, a continuaci\u00f3n se indican los datos de informaci\u00f3n general de este sitio web: Titular: xxxx Direcci\u00f3n: xxxx xxxx Contacto: xxx Tel\u00e9fono: xxx Datos registrales: xxxx NIF: xxxx 1.- [&hellip;]<\/p>\n","protected":false},"author":1,"featured_media":0,"parent":0,"menu_order":0,"comment_status":"open","ping_status":"open","template":"","meta":{"footnotes":""},"class_list":["post-3915","page","type-page","status-publish","hentry"],"_links":{"self":[{"href":"https:\/\/www.prosomni.com\/index.php?rest_route=\/wp\/v2\/pages\/3915","targetHints":{"allow":["GET"]}}],"collection":[{"href":"https:\/\/www.prosomni.com\/index.php?rest_route=\/wp\/v2\/pages"}],"about":[{"href":"https:\/\/www.prosomni.com\/index.php?rest_route=\/wp\/v2\/types\/page"}],"author":[{"embeddable":true,"href":"https:\/\/www.prosomni.com\/index.php?rest_route=\/wp\/v2\/users\/1"}],"replies":[{"embeddable":true,"href":"https:\/\/www.prosomni.com\/index.php?rest_route=%2Fwp%2Fv2%2Fcomments&post=3915"}],"version-history":[{"count":7,"href":"https:\/\/www.prosomni.com\/index.php?rest_route=\/wp\/v2\/pages\/3915\/revisions"}],"predecessor-version":[{"id":4454,"href":"https:\/\/www.prosomni.com\/index.php?rest_route=\/wp\/v2\/pages\/3915\/revisions\/4454"}],"wp:attachment":[{"href":"https:\/\/www.prosomni.com\/index.php?rest_route=%2Fwp%2Fv2%2Fmedia&parent=3915"}],"curies":[{"name":"wp","href":"https:\/\/api.w.org\/{rel}","templated":true}]}}